prime?
False
Is 3823399 prime?
True
Is 858911 composite?
False
Is 9077857 a composite number?
False
Is 25077851 a prime number?
False
Is 4312709 composite?
True
Is 40911241 composite?
True
Is 61633771 composite?
False
Is 93165029 a prime number?
True
Is 19561189 prime?
True
Is 251969785 composite?
True
Is 30679183 composite?
False
Is 163171651 a composite number?
True
Is 9797413 composite?
False
Is 2231269 composite?
False
Is 8425253 a composite number?
False
Is 1168703 a prime number?
False
Is 1229821 a prime number?
False
Is 30690361 prime?
False
Is 413400817 a composite number?
True
Is 52627403 a composite number?
True
Is 171986497 a prime number?
True
Is 58537649 composite?
False
Is 210869 a prime number?
True
Is 13909019 prime?
True
Is 7220789 prime?
True
Is 162020347 prime?
False
Is 4903078 composite?
True
Is 324701 composite?
True
Is 96705797 a composite number?
False
Is 12529103 composite?
False
Is 1153213 a prime number?
False
Is 3564334 prime?
False
Is 12568261 a prime number?
False
Is 6218803 prime?
False
Is 203581897 prime?
False
Is 181092539 composite?
True
Is 117428615 prime?
False
Is 3558649 a composite number?
False
Is 3042579 a prime number?
False
Is 7339721 prime?
True
Is 123130327 prime?
True
Is 349637 a prime number?
True
Is 7486279 a prime number?
True
Is 7260431 a prime number?
True
Is 275780881 a prime number?
False
Is 411615559 prime?
True
Is 29352223 a prime number?
True
Is 68857847 a composite number?
False
Is 12439451 composite?
True
Is 12546559 composite?
False
Is 3884659 a composite number?
False
Is 17186042 a prime number?
False
Is 7402841 a composite number?
False
Is 980274047 a composite number?
False
Is 6817777 prime?
True
Is 45972086 a prime number?
False
Is 34130053 prime?
False
Is 5315693 a composite number?
True
Is 854017 prime?
True
Is 24738037 prime?
True
Is 31949321 a composite number?
True
Is 7333539 composite?
True
Is 1425427 a composite number?
False
Is 11579459 prime?
False
Is 88354423 prime?
False
Is 355609 composite?
False
Is 293466014 a prime number?
False
Is 8498401 prime?
True
Is 2684741 prime?
False
Is 505519151 composite?
False
Is 643585 prime?
False
Is 11259247 a composite number?
True
Is 34774319 prime?
False
Is 49904023 composite?
True
Is 6030413 composite?
True
Is 1109837 prime?
False
Is 453323257 a composite number?
True
Is 314429579 prime?
True
Is 14809507 composite?
False
Is 15241769 composite?
False
Is 17185211 composite?
False
Is 211571197 composite?
False
Is 12188347 a prime number?
True
Is 225889 a prime number?
True
Is 60923701 a prime number?
False
Is 13099153 a prime number?
True
Is 184216049 prime?
False
Is 16706587 composite?
False
Is 554663 prime?
True
Is 65621 a composite number?
True
Is 1827461 a prime number?
False
Is 71895679 a prime number?
False
Is 694123 a composite number?
False
Is 3927877 composite?
False
Is 94799 a prime number?
False
Is 464671 prime?
False
Is 2389999 composite?
True
Is 17357819 a prime number?
True
Is 200487631 a prime number?
True
Is 229673299 prime?
True
Is 39376391 a composite number?
True
Is 70707107 composite?
True
Is 47416981 composite?
True
Is 11740247 prime?
False
Is 493613273 prime?
False
Is 86385553 a composite number?
True
Is 1980491 a prime number?
True
Is 1477607 a composite number?
False
Is 2812297 composite?
False
Is 853357567 composite?
True
Is 9834073 a composite number?
False
Is 35506153 a composite number?
True
Is 7317547 prime?
True
Is 9101293 a prime number?
True
Is 155197 a composite number?
True
Is 94294535 a composite number?
True
Is 3317602 prime?
False
Is 5818457 a composite number?
False
Is 18184603 a prime number?
True
Is 30411193 a composite number?
False
Is 1822643 a prime number?
False
Is 498371 composite?
True
Is 11464829 prime?
True
Is 32883351 a composite number?
True
Is 1245353 composite?
False
Is 13493861 a composite number?
False
Is 9065669 prime?
True
Is 21337657 composite?
True
Is 35408939 a composite number?
False
Is 105693737 a composite number?
True
Is 614994491 a prime number?
False
Is 13444829 prime?
True
Is 9492389 prime?
True
Is 203173 a prime number?
True
Is 46600867 composite?
False
Is 659611 composite?
False
Is 31643041 composite?
False
Is 17190749 a composite number?
True
Is 82423183 a composite number?
False
Is 33479567 composite?
True
Is 7416307 prime?
True
Is 2636069 prime?
False
Is 796812749 composite?
True
Is 140290589 a composite number?
True
Is 858023 composite?
True
Is 81071769 prime?
False
Is 853357 prime?
True
Is 61607841 prime?
False
Is 57295429 composite?
False
Is 36578297 composite?
True
Is 91579 prime?
False
Is 3669427 a prime number?
True
Is 66093719 a composite number?
False
Is 538669487 a prime number?
True
Is 271233517 composite?
False
Is 18101443 prime?
False
Is 3561469 composite?
True
Is 3637481 composite?
False
Is 2721391 prime?
False
Is 24994939 a composite number?
False
Is 351345935 a prime number?
False
Is 34191839 a prime number?
False
Is 15014677 a prime number?
True
Is 14084393 a prime number?
True
Is 84866813 a composite number?
False
Is 5178493 a prime number?
False
Is 9946039 a composite number?
False
Is 80743342 a composite number?
True
Is 314641751 a composite number?
True
Is 1768303 a composite number?
False
Is 2395061 a prime number?
False
Is 48623933 a composite number?
True
Is 2133751 prime?
False
Is 26811623 composite?
True
Is 10765543 prime?
True
Is 31345933 composite?
True
Is 10151147 composite?
True
Is 1300619 prime?
False
Is 81409 a prime number?
True
Is 4650207 a composite number?
True
Is 7588447 a prime number?
True
Is 52628513 a prime number?
False
Is 9662201 composite?
False
Is 31042237 a prime number?
False
Is 9586183 a composite number?
False
Is 20304077 a prime number?
True
Is 1043795 a composite number?
True
Is 1130886245 a composite number?
True
Is 1495367 a composite number?
True
Is 31099373 prime?
True
Is 2449729 prime?
True
Is 317102527 composite?
True
Is 209146526 composite?
True
Is 21911 a composite number?
False
Is 516641 prime?
False
Is 47190481 prime?
False
Is 8206243 a composite number?
False
Is 145262261 prime?
False
Is 27771247 prime?
False
Is 30719063 prime?
True
Is 2225323 a composite number?
False
Is 510397997 a prime number?
False
Is 93539785 a composite number?
True
Is 283969469 prime?
False
Is 848077 composite?
True
Is 18383951 prime?
False
Is 35296307 prime?
True
Is 1396267 composite?
True
Is 2701081 prime?
False
Is 718469 a prime number?
False
Is 670645 a prime number?
False
Is 9114427 a prime number?
False
Is 1853701 a prime number?
True
Is 9403441 composite?
True
Is 35630299 a prime number?
False
Is 6131369 a prime number?
True
Is 2115097 a composite number?
False
Is 2176271 prime?
True
Is 17790359 prime?
True
Is 49003663 a prime number?
True
Is 21014053 composite?
True
Is 60535 a prime number?
False
Is 57763829 a composite number?
False
Is 4889069 a composite number?
True
Is 7115359 a composite number?
True
Is 2503919 a prime number?
False
Is 899131 a prime number?
False
Is 232825111 prime?
True
Is 42021961 composite?
False
Is 2200139 prime?
True
Is 14275861 a prime number?
True
Is 640254513 composite?
True
Is 89115031 prime?
True
Is 1538833 a prime number?
False
Is 80761309 composite?
False
Is 5754289 a prime number?
True
Is 2769869 composite?
True
Is 2054487 prime?
False
Is 20971889 prime?
True
Is 2531917 prime?
True
Is 410539 prime?
False
Is 4583063 composite?
False
Is 869678 a composite number?
True
Is 118562377 a composite number?
True
Is 4401071 composite?
False
Is 9441487 composite?
True
Is 27440399 a prime number?
False
Is 4531393 composite?
True
Is 140276921 a composite number?
False
Is 97319905 prime?
False
Is 2736961 a composite number?
False
Is 432781 a composite number?
False
Is 9648839 a prime number?
True
Is 44847821 prime?
True
Is 378373 a prime number?
False
Is 72850031 a composite number?
True
Is 214932493 composite?
True
Is 854051 a composite number?
True
Is 1233349 a prime number?
False
Is 2675771 prime?
False
Is 2682227 prime?
True
Is 65368327 a prime number?
False
Is 463095907 composite?
False
Is 3675241 a composite number?
False
Is 665237 a prime number?
False
Is 12887579 a prime number?
False
Is 2909111 prime?
False
Is 32058857 prime?
False
Is 32527969 a prime number?
True
Is 10506841 composite?
False